CRAN Package Check Results for Package hitandrun

Last updated on 2024-06-13 16:49:10 CEST.

Flavor Version Tinstall Tcheck Ttotal Status Flags
r-devel-linux-x86_64-debian-clang 0.5-6 5.84 30.04 35.88 OK
r-devel-linux-x86_64-debian-gcc 0.5-6 4.31 22.19 26.50 ERROR
r-devel-linux-x86_64-fedora-clang 0.5-6 47.02 OK
r-devel-linux-x86_64-fedora-gcc 0.5-6 43.54 OK
r-devel-windows-x86_64 0.5-6 10.00 51.00 61.00 OK
r-patched-linux-x86_64 0.5-6 5.97 30.03 36.00 OK
r-release-linux-x86_64 0.5-6 4.75 30.00 34.75 OK
r-release-macos-arm64 0.5-6 19.00 OK
r-release-macos-x86_64 0.5-6 26.00 OK
r-release-windows-x86_64 0.5-6 10.00 60.00 70.00 OK
r-oldrel-macos-arm64 0.5-6 21.00 OK
r-oldrel-macos-x86_64 0.5-6 29.00 OK
r-oldrel-windows-x86_64 0.5-6 11.00 54.00 65.00 OK

Check Details

Version: 0.5-6
Check: package dependencies
Result: NOTE Package suggested but not available for checking: ‘testthat’ Flavor: r-devel-linux-x86_64-debian-gcc

Version: 0.5-6
Check: tests
Result: ERROR Running ‘test.R’ [0s/1s] Running the tests in ‘tests/test.R’ failed. Complete output: > library(testthat) Error in library(testthat) : there is no package called 'testthat' Execution halted Flavor: r-devel-linux-x86_64-debian-gcc