Last updated on 2023-03-30 03:52:35 CEST.
Flavor | Version | Tinstall | Tcheck | Ttotal | Status | Flags |
---|---|---|---|---|---|---|
r-devel-linux-x86_64-debian-clang | 0.0.5 | 173.43 | 253.79 | 427.22 | NOTE | |
r-devel-linux-x86_64-debian-gcc | 0.0.5 | 156.48 | 190.78 | 347.26 | NOTE | |
r-devel-linux-x86_64-fedora-clang | 0.0.5 | 528.81 | NOTE | |||
r-devel-linux-x86_64-fedora-gcc | 0.0.5 | 609.79 | NOTE | |||
r-devel-windows-x86_64 | 0.0.5 | 268.00 | 0.00 | 268.00 | NOTE | |
r-patched-linux-x86_64 | 0.0.5 | 150.93 | 242.60 | 393.53 | NOTE | |
r-release-linux-x86_64 | 0.0.5 | 121.69 | 241.38 | 363.07 | NOTE | |
r-release-macos-arm64 | 0.0.5 | 144.00 | NOTE | |||
r-release-macos-x86_64 | 0.0.5 | 199.00 | NOTE | |||
r-release-windows-x86_64 | 0.0.5 | 233.00 | 309.00 | 542.00 | NOTE | |
r-oldrel-macos-arm64 | 0.0.5 | 142.00 | NOTE | |||
r-oldrel-macos-x86_64 | 0.0.5 | 204.00 | NOTE | |||
r-oldrel-windows-ix86+x86_64 | 0.0.5 | 350.00 | 21.00 | 371.00 | ERROR |
Version: 0.0.5
Check: for GNU extensions in Makefiles
Result: NOTE
GNU make is a SystemRequirements.
Flavors: r-devel-linux-x86_64-debian-clang, r-devel-linux-x86_64-debian-gcc, r-devel-linux-x86_64-fedora-clang, r-devel-linux-x86_64-fedora-gcc, r-devel-windows-x86_64, r-patched-linux-x86_64, r-release-linux-x86_64, r-release-macos-arm64, r-release-macos-x86_64, r-release-windows-x86_64, r-oldrel-macos-arm64, r-oldrel-macos-x86_64
Version: 0.0.5
Check: installed package size
Result: NOTE
installed size is 41.0Mb
sub-directories of 1Mb or more:
libs 40.6Mb
Flavors: r-release-macos-arm64, r-release-macos-x86_64, r-oldrel-macos-arm64, r-oldrel-macos-x86_64
Version: 0.0.5
Check: whether package can be installed
Result: ERROR
Installation failed.
Flavor: r-oldrel-windows-ix86+x86_64