CRAN Package Check Results for Package hildareadR

Last updated on 2024-06-19 00:49:30 CEST.

Flavor Version Tinstall Tcheck Ttotal Status Flags
r-devel-linux-x86_64-debian-clang 0.2.0 4.31 40.16 44.47 NOTE
r-devel-linux-x86_64-debian-gcc 0.2.0 3.75 30.07 33.82 NOTE
r-devel-linux-x86_64-fedora-clang 0.2.0 55.01 NOTE
r-devel-linux-x86_64-fedora-gcc 0.2.0 52.94 NOTE
r-devel-windows-x86_64 0.2.0 5.00 49.00 54.00 NOTE
r-patched-linux-x86_64 0.2.0 2.95 38.15 41.10 NOTE
r-release-linux-x86_64 0.2.0 2.86 38.05 40.91 NOTE
r-release-macos-arm64 0.2.0 20.00 NOTE
r-release-macos-x86_64 0.2.0 31.00 NOTE
r-release-windows-x86_64 0.2.0 5.00 59.00 64.00 NOTE
r-oldrel-macos-arm64 0.2.0 21.00 NOTE
r-oldrel-macos-x86_64 0.2.0 39.00 NOTE
r-oldrel-windows-x86_64 0.2.0 6.00 54.00 60.00 NOTE

Check Details

Version: 0.2.0
Check: LazyData
Result: NOTE 'LazyData' is specified without a 'data' directory Flavors: r-devel-linux-x86_64-debian-clang, r-devel-linux-x86_64-debian-gcc, r-devel-linux-x86_64-fedora-clang, r-devel-linux-x86_64-fedora-gcc, r-devel-windows-x86_64, r-patched-linux-x86_64, r-release-linux-x86_64, r-release-macos-arm64, r-release-macos-x86_64, r-release-windows-x86_64, r-oldrel-macos-arm64, r-oldrel-macos-x86_64, r-oldrel-windows-x86_64