CRAN Package Check Results for Package hilbert

Last updated on 2024-06-24 08:49:59 CEST.

Flavor Version Tinstall Tcheck Ttotal Status Flags
r-devel-linux-x86_64-debian-clang 0.2.1 12.71 33.09 45.80 NOTE
r-devel-linux-x86_64-debian-gcc 0.2.1 8.87 25.41 34.28 NOTE
r-devel-linux-x86_64-fedora-clang 0.2.1 65.22 NOTE
r-devel-linux-x86_64-fedora-gcc 0.2.1 71.26 NOTE
r-devel-windows-x86_64 0.2.1 12.00 54.00 66.00 NOTE
r-patched-linux-x86_64 0.2.1 11.60 31.79 43.39 NOTE
r-release-linux-x86_64 0.2.1 12.08 31.76 43.84 NOTE
r-release-macos-arm64 0.2.1 24.00 NOTE
r-release-macos-x86_64 0.2.1 37.00 NOTE
r-release-windows-x86_64 0.2.1 14.00 54.00 68.00 NOTE
r-oldrel-macos-arm64 0.2.1 29.00 NOTE
r-oldrel-macos-x86_64 0.2.1 42.00 NOTE
r-oldrel-windows-x86_64 0.2.1 14.00 59.00 73.00 NOTE

Check Details

Version: 0.2.1
Check: C++ specification
Result: NOTE Specified C++11: please drop specification unless essential Flavors: r-devel-linux-x86_64-debian-clang, r-devel-linux-x86_64-debian-gcc, r-devel-linux-x86_64-fedora-clang, r-devel-linux-x86_64-fedora-gcc, r-devel-windows-x86_64, r-patched-linux-x86_64, r-release-linux-x86_64, r-release-macos-arm64, r-release-macos-x86_64, r-release-windows-x86_64, r-oldrel-macos-arm64, r-oldrel-macos-x86_64, r-oldrel-windows-x86_64

Version: 0.2.1
Check: compiled code
Result: NOTE File ‘hilbert/libs/hilbert.so’: Found non-API calls to R: ‘SETLENGTH’, ‘SET_GROWABLE_BIT’, ‘SET_TRUELENGTH’ Compiled code should not call non-API entry points in R. See ‘Writing portable packages’ in the ‘Writing R Extensions’ manual. Flavors: r-devel-linux-x86_64-debian-clang, r-devel-linux-x86_64-debian-gcc, r-devel-linux-x86_64-fedora-clang, r-devel-linux-x86_64-fedora-gcc

Version: 0.2.1
Check: compiled code
Result: NOTE File 'hilbert/libs/x64/hilbert.dll': Found non-API calls to R: 'SETLENGTH', 'SET_GROWABLE_BIT', 'SET_TRUELENGTH' Compiled code should not call non-API entry points in R. See 'Writing portable packages' in the 'Writing R Extensions' manual. Flavor: r-devel-windows-x86_64