Last updated on 2021-03-08 19:51:10 CET.
Flavor | Version | Tinstall | Tcheck | Ttotal | Status | Flags |
---|---|---|---|---|---|---|
r-devel-linux-x86_64-debian-clang | 1.4.5 | 11.97 | 121.44 | 133.41 | NOTE | |
r-devel-linux-x86_64-debian-gcc | 1.4.5 | 11.17 | 91.04 | 102.21 | NOTE | |
r-devel-linux-x86_64-fedora-clang | 1.4.5 | 168.32 | OK | |||
r-devel-linux-x86_64-fedora-gcc | 1.4.5 | 157.21 | OK | |||
r-devel-windows-ix86+x86_64 | 1.4.5 | 28.00 | 117.00 | 145.00 | OK | |
r-devel-windows-x86_64-gcc10-UCRT | 1.4.5 | NOTE | ||||
r-patched-linux-x86_64 | 1.4.5 | 11.37 | 112.95 | 124.32 | NOTE | |
r-patched-solaris-x86 | 1.4.5 | 278.10 | NOTE | |||
r-release-linux-x86_64 | 1.4.5 | 12.82 | 113.45 | 126.27 | NOTE | |
r-release-macos-x86_64 | 1.4.5 | NOTE | ||||
r-release-windows-ix86+x86_64 | 1.4.5 | 22.00 | 156.00 | 178.00 | OK | |
r-oldrel-macos-x86_64 | 1.4.5 | NOTE | ||||
r-oldrel-windows-ix86+x86_64 | 1.4.5 | 19.00 | 105.00 | 124.00 | OK |
Version: 1.4.5
Check: package dependencies
Result: NOTE
Package suggested but not available for checking: 'INLA'
Flavors: r-devel-linux-x86_64-debian-clang, r-devel-linux-x86_64-debian-gcc, r-devel-windows-x86_64-gcc10-UCRT, r-patched-linux-x86_64, r-patched-solaris-x86, r-release-linux-x86_64, r-release-macos-x86_64, r-oldrel-macos-x86_64