Last updated on 2021-01-20 23:49:41 CET.
Flavor | Version | Tinstall | Tcheck | Ttotal | Status | Flags |
---|---|---|---|---|---|---|
r-devel-linux-x86_64-debian-clang | 0.8.0.1 | 127.57 | 267.90 | 395.47 | OK | |
r-devel-linux-x86_64-debian-gcc | 0.8.0.1 | 77.20 | 194.91 | 272.11 | OK | |
r-devel-linux-x86_64-fedora-clang | 0.8.0.1 | 454.39 | NOTE | |||
r-devel-linux-x86_64-fedora-gcc | 0.8.0.1 | 400.71 | OK | |||
r-devel-windows-ix86+x86_64 | 0.8.0.1 | 263.00 | 483.00 | 746.00 | NOTE | |
r-patched-linux-x86_64 | 0.8.0.1 | 97.54 | 226.93 | 324.47 | OK | |
r-patched-solaris-x86 | 0.8.0.1 | 429.60 | OK | |||
r-release-linux-x86_64 | 0.8.0.1 | 96.04 | 225.95 | 321.99 | OK | |
r-release-macos-x86_64 | 0.8.0.1 | NOTE | ||||
r-release-windows-ix86+x86_64 | 0.8.0.1 | 265.00 | 374.00 | 639.00 | NOTE | |
r-oldrel-macos-x86_64 | 0.8.0.1 | NOTE | ||||
r-oldrel-windows-ix86+x86_64 | 0.8.0.1 | 185.00 | 383.00 | 568.00 | NOTE |
Version: 0.8.0.1
Check: installed package size
Result: NOTE
installed size is 7.3Mb
sub-directories of 1Mb or more:
data 2.6Mb
libs 3.7Mb
Flavors: r-devel-linux-x86_64-fedora-clang, r-devel-windows-ix86+x86_64, r-release-macos-x86_64, r-release-windows-ix86+x86_64, r-oldrel-macos-x86_64, r-oldrel-windows-ix86+x86_64