CRAN Package Check Results for Package hglasso

Last updated on 2021-03-04 15:49:19 CET.

Flavor Version Tinstall Tcheck Ttotal Status Flags
r-devel-linux-x86_64-debian-clang 1.2 7.07 63.37 70.44 NOTE
r-devel-linux-x86_64-debian-gcc 1.2 5.42 48.15 53.57 NOTE
r-devel-linux-x86_64-fedora-clang 1.2 89.78 NOTE
r-devel-linux-x86_64-fedora-gcc 1.2 78.92 NOTE
r-devel-windows-ix86+x86_64 1.2 13.00 92.00 105.00 NOTE
r-patched-linux-x86_64 1.2 7.07 58.36 65.43 NOTE
r-patched-solaris-x86 1.2 120.30 NOTE
r-release-linux-x86_64 1.2 4.60 59.60 64.20 NOTE
r-release-macos-x86_64 1.2 NOTE
r-release-windows-ix86+x86_64 1.2 9.00 80.00 89.00 NOTE
r-oldrel-macos-x86_64 1.2 NOTE
r-oldrel-windows-ix86+x86_64 1.2 12.00 84.00 96.00 NOTE

Check Details

Version: 1.2
Check: R code for possible problems
Result: NOTE
    HubNetwork: no visible global function definition for 'rbinom'
    HubNetwork: no visible global function definition for 'runif'
    HubNetwork: no visible global function definition for 'cov2cor'
    binaryMCMC: no visible global function definition for 'rbinom'
    image.hbn: no visible global function definition for 'col2rgb'
    image.hbn: no visible global function definition for 'rgb'
    image.hbn: no visible global function definition for 'dev.new'
    image.hbn: no visible global function definition for 'par'
    image.hbn: no visible global function definition for 'image'
    image.hcov: no visible global function definition for 'col2rgb'
    image.hcov: no visible global function definition for 'rgb'
    image.hcov: no visible global function definition for 'dev.new'
    image.hcov: no visible global function definition for 'par'
    image.hcov: no visible global function definition for 'image'
    image.hglasso: no visible global function definition for 'col2rgb'
    image.hglasso: no visible global function definition for 'rgb'
    image.hglasso: no visible global function definition for 'dev.new'
    image.hglasso: no visible global function definition for 'par'
    image.hglasso: no visible global function definition for 'image'
    plot.hbn: no visible global function definition for 'rgb'
    plot.hcov: no visible global function definition for 'rgb'
    plot.hglasso: no visible global function definition for 'rgb'
    Undefined global functions or variables:
     col2rgb cov2cor dev.new image par rbinom rgb runif
    Consider adding
     importFrom("grDevices", "col2rgb", "dev.new", "rgb")
     importFrom("graphics", "image", "par")
     importFrom("stats", "cov2cor", "rbinom", "runif")
    to your NAMESPACE file.
Flavors: r-devel-linux-x86_64-debian-clang, r-devel-linux-x86_64-debian-gcc, r-devel-linux-x86_64-fedora-clang, r-devel-linux-x86_64-fedora-gcc, r-devel-windows-ix86+x86_64, r-patched-linux-x86_64, r-patched-solaris-x86, r-release-linux-x86_64, r-release-macos-x86_64, r-release-windows-ix86+x86_64

Version: 1.2
Check: R code for possible problems
Result: NOTE
    HubNetwork: no visible global function definition for ‘rbinom’
    HubNetwork: no visible global function definition for ‘runif’
    HubNetwork: no visible global function definition for ‘cov2cor’
    binaryMCMC: no visible global function definition for ‘rbinom’
    image.hbn: no visible global function definition for ‘col2rgb’
    image.hbn: no visible global function definition for ‘rgb’
    image.hbn: no visible global function definition for ‘dev.new’
    image.hbn: no visible global function definition for ‘par’
    image.hbn: no visible global function definition for ‘image’
    image.hcov: no visible global function definition for ‘col2rgb’
    image.hcov: no visible global function definition for ‘rgb’
    image.hcov: no visible global function definition for ‘dev.new’
    image.hcov: no visible global function definition for ‘par’
    image.hcov: no visible global function definition for ‘image’
    image.hglasso: no visible global function definition for ‘col2rgb’
    image.hglasso: no visible global function definition for ‘rgb’
    image.hglasso: no visible global function definition for ‘dev.new’
    image.hglasso: no visible global function definition for ‘par’
    image.hglasso: no visible global function definition for ‘image’
    plot.hbn: no visible global function definition for ‘rgb’
    plot.hbn: no visible global function definition for ‘plot’
    plot.hcov: no visible global function definition for ‘rgb’
    plot.hcov: no visible global function definition for ‘plot’
    plot.hglasso: no visible global function definition for ‘rgb’
    plot.hglasso: no visible global function definition for ‘plot’
    Undefined global functions or variables:
     col2rgb cov2cor dev.new image par plot rbinom rgb runif
    Consider adding
     importFrom("grDevices", "col2rgb", "dev.new", "rgb")
     importFrom("graphics", "image", "par", "plot")
     importFrom("stats", "cov2cor", "rbinom", "runif")
    to your NAMESPACE file.
Flavors: r-oldrel-macos-x86_64, r-oldrel-windows-ix86+x86_64