CRAN Package Check Results for Package hedgehog

Last updated on 2022-05-22 23:51:45 CEST.

Flavor Version Tinstall Tcheck Ttotal Status Flags
r-devel-linux-x86_64-debian-clang 0.1 4.55 85.42 89.97 OK
r-devel-linux-x86_64-debian-gcc 0.1 3.06 63.58 66.64 OK
r-devel-linux-x86_64-fedora-clang 0.1 104.88 OK
r-devel-linux-x86_64-fedora-gcc 0.1 99.78 OK
r-devel-windows-x86_64 0.1 27.00 108.00 135.00 OK
r-patched-linux-x86_64 0.1 3.32 81.63 84.95 OK
r-release-linux-x86_64 0.1 2.41 84.77 87.18 OK
r-release-macos-arm64 0.1 28.00 OK
r-release-macos-x86_64 0.1 58.00 OK
r-release-windows-x86_64 0.1 24.00 107.00 131.00 OK
r-oldrel-macos-arm64 0.1 34.00 OK
r-oldrel-macos-x86_64 0.1 54.00 OK
r-oldrel-windows-ix86+x86_64 0.1 10.00 86.00 96.00 WARN

Check Details

Version: 0.1
Check: re-building of vignette outputs
Result: WARN
    Error(s) in re-building vignettes:
    --- re-building 'hedgehog.Rmd' using rmarkdown
    Error: processing vignette 'hedgehog.Rmd' failed with diagnostics:
    only `math_method = 'mathjax'` is supported with earlier version than Pandoc 2.0
    --- failed re-building 'hedgehog.Rmd'
    
    --- re-building 'state-machines.Rmd' using rmarkdown
    Error: processing vignette 'state-machines.Rmd' failed with diagnostics:
    only `math_method = 'mathjax'` is supported with earlier version than Pandoc 2.0
    --- failed re-building 'state-machines.Rmd'
    
    SUMMARY: processing the following files failed:
     'hedgehog.Rmd' 'state-machines.Rmd'
    
    Error: Vignette re-building failed.
    Execution halted
Flavor: r-oldrel-windows-ix86+x86_64