CRAN Package Check Results for Package healthyR.ts

Last updated on 2021-06-21 11:52:07 CEST.

Flavor Version Tinstall Tcheck Ttotal Status Flags
r-devel-linux-x86_64-debian-clang 0.1.1 2.81 47.47 50.28 NOTE
r-devel-linux-x86_64-debian-gcc 0.1.1 2.36 36.33 38.69 NOTE
r-devel-linux-x86_64-fedora-clang 0.1.1 73.42 NOTE
r-devel-linux-x86_64-fedora-gcc 0.1.1 62.29 NOTE
r-devel-windows-x86_64 0.1.1 7.00 49.00 56.00 NOTE
r-devel-windows-x86_64-gcc10-UCRT 0.1.1 ERROR
r-patched-linux-x86_64 0.1.1 2.89 44.82 47.71 NOTE
r-patched-solaris-x86 0.1.1 89.70 NOTE
r-release-linux-x86_64 0.1.1 2.76 45.91 48.67 NOTE
r-release-macos-arm64 0.1.1 NOTE
r-release-macos-x86_64 0.1.1 NOTE
r-release-windows-ix86+x86_64 0.1.1 9.00 72.00 81.00 NOTE
r-oldrel-macos-x86_64 0.1.1 NOTE

Check Details

Version: 0.1.1
Check: LazyData
Result: NOTE
     'LazyData' is specified without a 'data' directory
Flavors: r-devel-linux-x86_64-debian-clang, r-devel-linux-x86_64-debian-gcc, r-devel-linux-x86_64-fedora-clang, r-devel-linux-x86_64-fedora-gcc, r-devel-windows-x86_64, r-patched-linux-x86_64, r-patched-solaris-x86, r-release-linux-x86_64, r-release-macos-arm64, r-release-macos-x86_64, r-release-windows-ix86+x86_64

Version: 0.1.1
Check: dependencies in R code
Result: NOTE
    Namespaces in Imports field not imported from:
     ‘healthyR.data’ ‘modeltime’ ‘modeltime.ensemble’ ‘modeltime.resample’
     ‘stringr’
     All declared Imports should be used.
Flavors: r-devel-linux-x86_64-fedora-clang, r-devel-linux-x86_64-fedora-gcc, r-patched-solaris-x86, r-release-macos-arm64, r-release-macos-x86_64, r-oldrel-macos-x86_64

Version: 0.1.1
Check: package dependencies
Result: ERROR
    Packages required but not available:
     'timetk', 'modeltime', 'modeltime.ensemble', 'modeltime.resample',
     'tidyquant', 'plotly'
    
    See section 'The DESCRIPTION file' in the 'Writing R Extensions'
    manual.
Flavor: r-devel-windows-x86_64-gcc10-UCRT