CRAN Package Check Results for Package healthyR

Last updated on 2021-11-27 07:49:51 CET.

Flavor Version Tinstall Tcheck Ttotal Status Flags
r-devel-linux-x86_64-debian-clang 0.1.6 OK
r-devel-linux-x86_64-debian-gcc 0.1.6 8.69 90.85 99.54 OK
r-devel-linux-x86_64-fedora-clang 0.1.6 167.65 NOTE
r-devel-linux-x86_64-fedora-gcc 0.1.6 151.45 NOTE
r-devel-windows-x86_64-new-UL 0.1.6 26.00 180.00 206.00 NOTE
r-devel-windows-x86_64-new-TK 0.1.6 NOTE
r-devel-windows-x86_64-old 0.1.6 16.00 162.00 178.00 NOTE
r-patched-linux-x86_64 0.1.6 11.95 119.07 131.02 OK
r-patched-solaris-x86 0.1.6 191.50 NOTE
r-release-linux-x86_64 0.1.6 OK
r-release-macos-arm64 0.1.6 NOTE
r-release-macos-x86_64 0.1.6 NOTE
r-release-windows-ix86+x86_64 0.1.6 27.00 122.00 149.00 NOTE
r-oldrel-macos-x86_64 0.1.6 NOTE
r-oldrel-windows-ix86+x86_64 0.1.6 26.00 159.00 185.00 NOTE

Check Details

Version: 0.1.6
Check: installed package size
Result: NOTE
     installed size is 6.6Mb
     sub-directories of 1Mb or more:
     data 1.5Mb
     doc 4.8Mb
Flavors: r-devel-linux-x86_64-fedora-clang, r-devel-windows-x86_64-new-UL, r-devel-windows-x86_64-old, r-patched-solaris-x86, r-release-macos-arm64, r-release-macos-x86_64, r-release-windows-ix86+x86_64, r-oldrel-macos-x86_64, r-oldrel-windows-ix86+x86_64

Version: 0.1.6
Check: dependencies in R code
Result: NOTE
    Namespace in Imports field not imported from: ‘lifecycle’
     All declared Imports should be used.
Flavors: r-devel-linux-x86_64-fedora-clang, r-devel-linux-x86_64-fedora-gcc, r-devel-windows-x86_64-new-TK, r-patched-solaris-x86, r-release-macos-arm64, r-release-macos-x86_64, r-oldrel-macos-x86_64