CRAN Package Check Results for Package healthforum

Last updated on 2021-06-15 07:49:07 CEST.

Flavor Version Tinstall Tcheck Ttotal Status Flags
r-devel-linux-x86_64-debian-clang 0.1.0 3.64 30.41 34.05 OK
r-devel-linux-x86_64-debian-gcc 0.1.0 2.69 23.79 26.48 OK
r-devel-linux-x86_64-fedora-clang 0.1.0 48.68 NOTE
r-devel-linux-x86_64-fedora-gcc 0.1.0 39.35 NOTE
r-devel-windows-x86_64 0.1.0 6.00 52.00 58.00 OK
r-devel-windows-x86_64-gcc10-UCRT 0.1.0 NOTE
r-patched-linux-x86_64 0.1.0 3.63 29.72 33.35 OK
r-patched-solaris-x86 0.1.0 61.50 NOTE
r-release-linux-x86_64 0.1.0 3.16 29.76 32.92 OK
r-release-macos-arm64 0.1.0 NOTE
r-release-macos-x86_64 0.1.0 NOTE
r-release-windows-ix86+x86_64 0.1.0 7.00 53.00 60.00 OK
r-oldrel-macos-x86_64 0.1.0 NOTE
r-oldrel-windows-ix86+x86_64 0.1.0 8.00 52.00 60.00 OK

Check Details

Version: 0.1.0
Check: data for non-ASCII characters
Result: NOTE
     Note: found 216 marked UTF-8 strings
Flavors: r-devel-linux-x86_64-fedora-clang, r-devel-linux-x86_64-fedora-gcc, r-devel-windows-x86_64-gcc10-UCRT, r-patched-solaris-x86, r-release-macos-arm64, r-release-macos-x86_64, r-oldrel-macos-x86_64