CRAN Package Check Results for Package hda

Last updated on 2024-06-13 16:49:09 CEST.

Flavor Version Tinstall Tcheck Ttotal Status Flags
r-devel-linux-x86_64-debian-clang 0.2-14 3.52 32.39 35.91 OK
r-devel-linux-x86_64-debian-gcc 0.2-14 2.30 24.36 26.66 NOTE
r-devel-linux-x86_64-fedora-clang 0.2-14 45.47 OK
r-devel-linux-x86_64-fedora-gcc 0.2-14 42.60 OK
r-devel-windows-x86_64 0.2-14 3.00 51.00 54.00 OK
r-patched-linux-x86_64 0.2-14 3.63 31.09 34.72 OK
r-release-linux-x86_64 0.2-14 1.92 30.37 32.29 OK
r-release-macos-arm64 0.2-14 19.00 OK
r-release-macos-x86_64 0.2-14 25.00 OK
r-release-windows-x86_64 0.2-14 3.00 51.00 54.00 OK
r-oldrel-macos-arm64 0.2-14 20.00 OK
r-oldrel-macos-x86_64 0.2-14 24.00 OK
r-oldrel-windows-x86_64 0.2-14 4.00 52.00 56.00 OK

Check Details

Version: 0.2-14
Check: package dependencies
Result: NOTE Package suggested but not available for checking: ‘klaR’ Flavor: r-devel-linux-x86_64-debian-gcc