CRAN Package Check Results for Package hazus

Last updated on 2021-06-19 23:49:21 CEST.

Flavor Version Tinstall Tcheck Ttotal Status Flags
r-devel-linux-x86_64-debian-clang 0.1 2.82 35.73 38.55 NOTE
r-devel-linux-x86_64-debian-gcc 0.1 2.22 27.73 29.95 NOTE
r-devel-linux-x86_64-fedora-clang 0.1 55.13 NOTE
r-devel-linux-x86_64-fedora-gcc 0.1 45.63 NOTE
r-devel-windows-x86_64 0.1 6.00 55.00 61.00 NOTE
r-devel-windows-x86_64-gcc10-UCRT 0.1 NOTE
r-patched-linux-x86_64 0.1 2.91 34.25 37.16 NOTE
r-patched-solaris-x86 0.1 70.80 NOTE
r-release-linux-x86_64 0.1 2.61 34.18 36.79 NOTE
r-release-macos-arm64 0.1 NOTE
r-release-macos-x86_64 0.1 NOTE
r-release-windows-ix86+x86_64 0.1 7.00 55.00 62.00 NOTE
r-oldrel-macos-x86_64 0.1 NOTE
r-oldrel-windows-ix86+x86_64 0.1 5.00 59.00 64.00 NOTE

Check Details

Version: 0.1
Check: R code for possible problems
Result: NOTE
    extract_hazus_functions: no visible global function definition for
     'data'
    Undefined global functions or variables:
     data
    Consider adding
     importFrom("utils", "data")
    to your NAMESPACE file.
Flavors: r-devel-linux-x86_64-debian-clang, r-devel-linux-x86_64-debian-gcc, r-devel-linux-x86_64-fedora-clang, r-devel-linux-x86_64-fedora-gcc, r-devel-windows-x86_64, r-devel-windows-x86_64-gcc10-UCRT, r-patched-linux-x86_64, r-patched-solaris-x86, r-release-linux-x86_64, r-release-macos-arm64, r-release-macos-x86_64, r-release-windows-ix86+x86_64, r-oldrel-macos-x86_64, r-oldrel-windows-ix86+x86_64