CRAN Package Check Results for Package gwer

Last updated on 2021-06-13 19:49:35 CEST.

Flavor Version Tinstall Tcheck Ttotal Status Flags
r-devel-linux-x86_64-debian-clang 3.0 26.42 205.46 231.88 OK
r-devel-linux-x86_64-debian-gcc 3.0 20.69 154.35 175.04 OK
r-devel-linux-x86_64-fedora-clang 3.0 284.35 NOTE
r-devel-linux-x86_64-fedora-gcc 3.0 266.49 NOTE
r-devel-windows-x86_64 3.0 43.00 275.00 318.00 OK
r-devel-windows-x86_64-gcc10-UCRT 3.0 ERROR
r-patched-linux-x86_64 3.0 31.80 193.39 225.19 OK
r-patched-solaris-x86 3.0 383.60 NOTE
r-release-linux-x86_64 3.0 17.80 194.61 212.41 OK
r-release-macos-arm64 3.0 NOTE
r-release-macos-x86_64 3.0 NOTE
r-release-windows-ix86+x86_64 3.0 57.00 261.00 318.00 OK
r-oldrel-macos-x86_64 3.0 NOTE
r-oldrel-windows-ix86+x86_64 3.0 80.00 273.00 353.00 OK

Check Details

Version: 3.0
Check: dependencies in R code
Result: NOTE
    Namespace in Imports field not imported from: ‘Matrix’
     All declared Imports should be used.
Flavors: r-devel-linux-x86_64-fedora-clang, r-devel-linux-x86_64-fedora-gcc, r-patched-solaris-x86, r-release-macos-arm64, r-release-macos-x86_64, r-oldrel-macos-x86_64

Version: 3.0
Check: package dependencies
Result: ERROR
    Packages required but not available: 'spdep', 'GWmodel'
    
    See section 'The DESCRIPTION file' in the 'Writing R Extensions'
    manual.
Flavor: r-devel-windows-x86_64-gcc10-UCRT