CRAN Package Check Results for Package gwdegree

Last updated on 2021-02-28 11:51:54 CET.

Flavor Version Tinstall Tcheck Ttotal Status Flags
r-devel-linux-x86_64-debian-clang 0.1.1 11.28 101.34 112.62 NOTE
r-devel-linux-x86_64-debian-gcc 0.1.1 9.07 76.79 85.86 NOTE
r-devel-linux-x86_64-fedora-clang 0.1.1 142.31 NOTE
r-devel-linux-x86_64-fedora-gcc 0.1.1 126.65 NOTE
r-devel-windows-ix86+x86_64 0.1.1 24.00 91.00 115.00 NOTE
r-patched-linux-x86_64 0.1.1 11.18 93.90 105.08 NOTE
r-patched-solaris-x86 0.1.1 190.80 NOTE
r-release-linux-x86_64 0.1.1 10.17 92.73 102.90 NOTE
r-release-macos-x86_64 0.1.1 NOTE
r-release-windows-ix86+x86_64 0.1.1 30.00 125.00 155.00 NOTE
r-oldrel-macos-x86_64 0.1.1 OK
r-oldrel-windows-ix86+x86_64 0.1.1 17.00 111.00 128.00 NOTE

Check Details

Version: 0.1.1
Check: R code for possible problems
Result: NOTE
    simCCCent : <anonymous>: no visible global function definition for
     'simulate.formula'
    Undefined global functions or variables:
     simulate.formula
Flavors: r-devel-linux-x86_64-debian-clang, r-devel-linux-x86_64-debian-gcc, r-devel-linux-x86_64-fedora-clang, r-devel-linux-x86_64-fedora-gcc, r-devel-windows-ix86+x86_64, r-patched-linux-x86_64, r-patched-solaris-x86, r-release-linux-x86_64, r-release-macos-x86_64, r-release-windows-ix86+x86_64, r-oldrel-windows-ix86+x86_64