CRAN Package Check Results for Package gwaRs

Last updated on 2021-06-18 15:50:27 CEST.

Flavor Version Tinstall Tcheck Ttotal Status Flags
r-devel-linux-x86_64-debian-clang 0.3.0 10.39 81.72 92.11 OK
r-devel-linux-x86_64-debian-gcc 0.3.0 7.70 62.41 70.11 OK
r-devel-linux-x86_64-fedora-clang 0.3.0 118.30 OK
r-devel-linux-x86_64-fedora-gcc 0.3.0 104.40 OK
r-devel-windows-x86_64 0.3.0 14.00 103.00 117.00 OK
r-devel-windows-x86_64-gcc10-UCRT 0.3.0 OK
r-patched-linux-x86_64 0.3.0 9.72 76.06 85.78 OK
r-patched-solaris-x86 0.3.0 152.70 NOTE
r-release-linux-x86_64 0.3.0 6.68 75.61 82.29 OK
r-release-macos-arm64 0.3.0 OK
r-release-macos-x86_64 0.3.0 OK
r-release-windows-ix86+x86_64 0.3.0 19.00 102.00 121.00 OK
r-oldrel-macos-x86_64 0.3.0 OK
r-oldrel-windows-ix86+x86_64 0.3.0 15.00 104.00 119.00 OK

Check Details

Version: 0.3.0
Check: installed package size
Result: NOTE
     installed size is 5.0Mb
     sub-directories of 1Mb or more:
     data 3.3Mb
     doc 1.6Mb
Flavor: r-patched-solaris-x86