CRAN Package Check Results for Package guaguas

Last updated on 2021-06-16 19:49:48 CEST.

Flavor Version Tinstall Tcheck Ttotal Status Flags
r-devel-linux-x86_64-debian-clang 0.1.0 3.63 29.34 32.97 OK
r-devel-linux-x86_64-debian-gcc 0.1.0 2.80 23.37 26.17 OK
r-devel-linux-x86_64-fedora-clang 0.1.0 47.74 NOTE
r-devel-linux-x86_64-fedora-gcc 0.1.0 38.39 NOTE
r-devel-windows-x86_64 0.1.0 6.00 46.00 52.00 OK
r-devel-windows-x86_64-gcc10-UCRT 0.1.0 NOTE
r-patched-linux-x86_64 0.1.0 3.52 28.18 31.70 OK
r-patched-solaris-x86 0.1.0 59.90 NOTE
r-release-linux-x86_64 0.1.0 2.79 28.18 30.97 OK
r-release-macos-arm64 0.1.0 NOTE
r-release-macos-x86_64 0.1.0 NOTE
r-release-windows-ix86+x86_64 0.1.0 8.00 45.00 53.00 OK
r-oldrel-macos-x86_64 0.1.0 NOTE
r-oldrel-windows-ix86+x86_64 0.1.0 6.00 46.00 52.00 OK

Check Details

Version: 0.1.0
Check: data for non-ASCII characters
Result: NOTE
     Note: found 8177 marked UTF-8 strings
Flavors: r-devel-linux-x86_64-fedora-clang, r-devel-linux-x86_64-fedora-gcc, r-devel-windows-x86_64-gcc10-UCRT, r-patched-solaris-x86, r-release-macos-arm64, r-release-macos-x86_64, r-oldrel-macos-x86_64