CRAN Package Check Results for Package gtop

Last updated on 2021-09-21 15:50:55 CEST.

Flavor Version Tinstall Tcheck Ttotal Status Flags
r-devel-linux-x86_64-debian-clang 0.2.0 10.58 98.10 108.68 OK
r-devel-linux-x86_64-debian-gcc 0.2.0 9.15 74.78 83.93 OK
r-devel-linux-x86_64-fedora-clang 0.2.0 136.22 OK
r-devel-linux-x86_64-fedora-gcc 0.2.0 122.91 OK
r-devel-windows-x86_64 0.2.0 11.00 84.00 95.00 OK
r-devel-windows-x86_64-gcc10-UCRT 0.2.0 ERROR
r-patched-linux-x86_64 0.2.0 9.70 90.60 100.30 OK
r-patched-solaris-x86 0.2.0 185.40 OK
r-release-linux-x86_64 0.2.0 8.84 91.12 99.96 OK
r-release-macos-arm64 0.2.0 OK
r-release-macos-x86_64 0.2.0 OK
r-release-windows-ix86+x86_64 0.2.0 27.00 87.00 114.00 OK
r-oldrel-macos-x86_64 0.2.0 OK
r-oldrel-windows-ix86+x86_64 0.2.0 27.00 93.00 120.00 OK

Check Details

Version: 0.2.0
Check: whether package can be installed
Result: WARN
    Found the following significant warnings:
     WARNING: installation-time patches will not be applied, could not get the patches index
Flavor: r-devel-windows-x86_64-gcc10-UCRT

Version: 0.2.0
Check: PDF version of manual
Result: WARN
    LaTeX errors when creating PDF version.
    This typically indicates Rd problems.
Flavor: r-devel-windows-x86_64-gcc10-UCRT

Version: 0.2.0
Check: PDF version of manual without hyperrefs or index
Result: ERROR
    Re-running with no redirection of stdout/stderr.
Flavor: r-devel-windows-x86_64-gcc10-UCRT