CRAN Package Check Results for Package gsignal

Last updated on 2021-09-20 15:52:47 CEST.

Flavor Version Tinstall Tcheck Ttotal Status Flags
r-devel-linux-x86_64-debian-clang 0.3-2 73.12 133.86 206.98 OK
r-devel-linux-x86_64-debian-gcc 0.3-2 47.30 97.89 145.19 OK
r-devel-linux-x86_64-fedora-clang 0.3-2 264.40 OK
r-devel-linux-x86_64-fedora-gcc 0.3-2 235.76 OK
r-devel-windows-x86_64 0.3-2 71.00 132.00 203.00 OK
r-devel-windows-x86_64-gcc10-UCRT 0.3-2 ERROR
r-patched-linux-x86_64 0.3-2 62.81 124.93 187.74 OK
r-patched-solaris-x86 0.3-2 253.00 OK
r-release-linux-x86_64 0.3-2 60.34 124.78 185.12 OK
r-release-macos-arm64 0.3-2 OK
r-release-macos-x86_64 0.3-2 OK
r-release-windows-ix86+x86_64 0.3-2 152.00 167.00 319.00 OK
r-oldrel-macos-x86_64 0.3-2 OK
r-oldrel-windows-ix86+x86_64 0.3-2 149.00 167.00 316.00 OK

Check Details

Version: 0.3-2
Check: whether package can be installed
Result: ERROR
    Installation failed.
Flavor: r-devel-windows-x86_64-gcc10-UCRT