CRAN Package Check Results for Package gset

Last updated on 2021-03-04 15:49:19 CET.

Flavor Version Tinstall Tcheck Ttotal Status Flags
r-devel-linux-x86_64-debian-clang 1.1.0 14.71 124.01 138.72 NOTE
r-devel-linux-x86_64-debian-gcc 1.1.0 11.56 90.78 102.34 NOTE
r-devel-linux-x86_64-fedora-clang 1.1.0 166.23 NOTE
r-devel-linux-x86_64-fedora-gcc 1.1.0 153.66 NOTE
r-devel-windows-ix86+x86_64 1.1.0 32.00 143.00 175.00 NOTE
r-patched-linux-x86_64 1.1.0 9.05 110.03 119.08 NOTE
r-patched-solaris-x86 1.1.0 238.40 NOTE
r-release-linux-x86_64 1.1.0 9.43 111.16 120.59 NOTE
r-release-macos-x86_64 1.1.0 NOTE
r-release-windows-ix86+x86_64 1.1.0 22.00 142.00 164.00 NOTE
r-oldrel-macos-x86_64 1.1.0 NOTE
r-oldrel-windows-ix86+x86_64 1.1.0 26.00 128.00 154.00 NOTE

Check Details

Version: 1.1.0
Check: R code for possible problems
Result: NOTE
    binding: no visible global function definition for 'rnorm'
    binding: no visible binding for global variable 'var'
    binding: no visible global function definition for 'uniroot'
    equivonly: no visible global function definition for 'rnorm'
    equivonly: no visible binding for global variable 'var'
    equivonly: no visible global function definition for 'uniroot'
    figureE: no visible global function definition for 'rgb'
    figureEF: no visible global function definition for 'rgb'
    nfix : f: no visible global function definition for 'pnorm'
    nfix : f: no visible global function definition for 'qnorm'
    nfix: no visible global function definition for 'uniroot'
    nonbinding: no visible global function definition for 'rnorm'
    nonbinding: no visible binding for global variable 'var'
    nonbinding: no visible global function definition for 'uniroot'
    oc: no visible global function definition for 'rnorm'
    oc: no visible global function definition for 'var'
    Undefined global functions or variables:
     pnorm qnorm rgb rnorm uniroot var
    Consider adding
     importFrom("grDevices", "rgb")
     importFrom("stats", "pnorm", "qnorm", "rnorm", "uniroot", "var")
    to your NAMESPACE file.
Flavors: r-devel-linux-x86_64-debian-clang, r-devel-linux-x86_64-debian-gcc, r-devel-linux-x86_64-fedora-clang, r-devel-linux-x86_64-fedora-gcc, r-devel-windows-ix86+x86_64, r-patched-linux-x86_64, r-patched-solaris-x86, r-release-linux-x86_64, r-release-macos-x86_64, r-release-windows-ix86+x86_64, r-oldrel-macos-x86_64, r-oldrel-windows-ix86+x86_64