CRAN Package Check Results for Package growthcleanr

Last updated on 2024-06-13 00:55:16 CEST.

Flavor Version Tinstall Tcheck Ttotal Status Flags
r-devel-linux-x86_64-debian-clang 2.2.0 16.35 102.74 119.09 OK
r-devel-linux-x86_64-debian-gcc 2.2.0 0.47 1.59 2.06 ERROR
r-devel-linux-x86_64-fedora-clang 2.2.0 151.31 NOTE
r-devel-linux-x86_64-fedora-gcc 2.2.0 146.64 OK
r-devel-windows-x86_64 2.2.0 15.00 92.00 107.00 NOTE
r-patched-linux-x86_64 2.2.0 12.64 99.56 112.20 OK
r-release-linux-x86_64 2.2.0 13.01 96.93 109.94 OK
r-release-macos-arm64 2.2.0 41.00 NOTE
r-release-macos-x86_64 2.2.0 78.00 NOTE
r-release-windows-x86_64 2.2.0 16.00 100.00 116.00 NOTE
r-oldrel-macos-arm64 2.2.0 52.00 NOTE
r-oldrel-macos-x86_64 2.2.0 95.00 NOTE
r-oldrel-windows-x86_64 2.2.0 21.00 107.00 128.00 NOTE

Check Details

Version: 2.2.0
Check: package dependencies
Result: ERROR Packages required but not available: 'tidyr', 'dplyr', 'labelled' Package suggested but not available for checking: ‘testthat’ See section ‘The DESCRIPTION file’ in the ‘Writing R Extensions’ manual. Flavor: r-devel-linux-x86_64-debian-gcc

Version: 2.2.0
Check: installed package size
Result: NOTE installed size is 5.9Mb sub-directories of 1Mb or more: extdata 5.0Mb Flavors: r-devel-linux-x86_64-fedora-clang, r-devel-windows-x86_64, r-release-macos-arm64, r-release-macos-x86_64, r-release-windows-x86_64, r-oldrel-macos-arm64, r-oldrel-macos-x86_64, r-oldrel-windows-x86_64