CRAN Package Check Results for Package growfunctions

Last updated on 2021-03-09 07:49:40 CET.

Flavor Version Tinstall Tcheck Ttotal Status Flags
r-devel-linux-x86_64-debian-clang 0.14 273.83 124.60 398.43 OK
r-devel-linux-x86_64-debian-gcc 0.14 200.38 90.25 290.63 OK
r-devel-linux-x86_64-fedora-clang 0.14 553.55 NOTE
r-devel-linux-x86_64-fedora-gcc 0.14 512.52 OK
r-devel-windows-ix86+x86_64 0.14 610.00 185.00 795.00 OK
r-devel-windows-x86_64-gcc10-UCRT 0.14 OK
r-patched-linux-x86_64 0.14 231.51 114.37 345.88 OK
r-patched-solaris-x86 0.14 493.70 OK
r-release-linux-x86_64 0.14 228.08 114.90 342.98 OK
r-release-macos-x86_64 0.14 NOTE
r-release-windows-ix86+x86_64 0.14 473.00 240.00 713.00 OK
r-oldrel-macos-x86_64 0.14 NOTE
r-oldrel-windows-ix86+x86_64 0.14 413.00 180.00 593.00 OK

Check Details

Version: 0.14
Check: installed package size
Result: NOTE
     installed size is 19.7Mb
     sub-directories of 1Mb or more:
     libs 19.2Mb
Flavors: r-devel-linux-x86_64-fedora-clang, r-release-macos-x86_64, r-oldrel-macos-x86_64