CRAN Package Check Results for Package gridtext

Last updated on 2021-04-12 23:48:03 CEST.

Flavor Version Tinstall Tcheck Ttotal Status Flags
r-devel-linux-x86_64-debian-clang 0.1.4 44.99 40.49 85.48 NOTE
r-devel-linux-x86_64-debian-gcc 0.1.4 31.27 30.69 61.96 NOTE
r-devel-linux-x86_64-fedora-clang 0.1.4 123.58 NOTE
r-devel-linux-x86_64-fedora-gcc 0.1.4 107.11 NOTE
r-devel-windows-ix86+x86_64 0.1.4 103.00 87.00 190.00 NOTE
r-devel-windows-x86_64-gcc10-UCRT 0.1.4 NOTE
r-patched-linux-x86_64 0.1.4 38.62 38.19 76.81 OK
r-patched-solaris-x86 0.1.4 124.10 OK
r-release-linux-x86_64 0.1.4 37.83 38.31 76.14 OK
r-release-macos-x86_64 0.1.4 OK
r-release-windows-ix86+x86_64 0.1.4 72.00 103.00 175.00 OK
r-oldrel-macos-x86_64 0.1.4 OK
r-oldrel-windows-ix86+x86_64 0.1.4 91.00 66.00 157.00 OK

Check Details

Version: 0.1.4
Check: LazyData
Result: NOTE
     'LazyData' is specified without a 'data' directory
Flavors: r-devel-linux-x86_64-debian-clang, r-devel-linux-x86_64-debian-gcc, r-devel-linux-x86_64-fedora-clang, r-devel-linux-x86_64-fedora-gcc, r-devel-windows-ix86+x86_64, r-devel-windows-x86_64-gcc10-UCRT