CRAN Package Check Results for Package gremlin

Last updated on 2021-09-21 07:50:10 CEST.

Flavor Version Tinstall Tcheck Ttotal Status Flags
r-devel-linux-x86_64-debian-clang 1.0.1 20.27 74.08 94.35 OK
r-devel-linux-x86_64-debian-gcc 1.0.1 14.19 56.25 70.44 OK
r-devel-linux-x86_64-fedora-clang 1.0.1 121.25 OK
r-devel-linux-x86_64-fedora-gcc 1.0.1 105.91 OK
r-devel-windows-x86_64 1.0.1 23.00 75.00 98.00 OK
r-devel-windows-x86_64-gcc10-UCRT 1.0.1 ERROR
r-patched-linux-x86_64 1.0.1 15.02 71.67 86.69 OK
r-patched-solaris-x86 1.0.1 153.00 OK
r-release-linux-x86_64 1.0.1 14.65 73.13 87.78 OK
r-release-macos-arm64 1.0.1 OK
r-release-macos-x86_64 1.0.1 OK
r-release-windows-ix86+x86_64 1.0.1 51.00 97.00 148.00 OK
r-oldrel-macos-x86_64 1.0.1 OK
r-oldrel-windows-ix86+x86_64 1.0.1 49.00 105.00 154.00 OK

Check Details

Version: 1.0.1
Check: whether package can be installed
Result: ERROR
    Installation failed.
Flavor: r-devel-windows-x86_64-gcc10-UCRT