CRAN Package Check Results for Package grattan

Last updated on 2022-01-21 03:56:00 CET.

Flavor Version Tinstall Tcheck Ttotal Status Flags
r-devel-linux-x86_64-debian-clang 1.9.0.10 NOTE
r-devel-linux-x86_64-debian-gcc 1.9.0.10 68.35 75.78 144.13 NOTE
r-devel-linux-x86_64-fedora-clang 1.9.0.10 289.08 NOTE
r-devel-linux-x86_64-fedora-gcc 1.9.0.10 258.86 NOTE
r-devel-windows-x86_64-new-UL 1.9.0.10 201.00 171.00 372.00 NOTE
r-devel-windows-x86_64-new-TK 1.9.0.10 NOTE
r-patched-linux-x86_64 1.9.0.10 85.38 99.12 184.50 NOTE
r-release-linux-x86_64 1.9.0.10 83.97 96.80 180.77 NOTE
r-release-macos-arm64 1.9.0.10 NOTE
r-release-macos-x86_64 1.9.0.10 NOTE
r-release-windows-ix86+x86_64 1.9.0.10 230.00 160.00 390.00 NOTE
r-oldrel-macos-x86_64 1.9.0.9 NOTE
r-oldrel-windows-ix86+x86_64 1.9.0.10 235.00 167.00 402.00 NOTE

Check Details

Version: 1.9.0.10
Check: package dependencies
Result: NOTE
    Packages suggested but not available for checking:
     'taxstats', 'taxstats1516'
Flavors: r-devel-linux-x86_64-debian-clang, r-devel-linux-x86_64-debian-gcc, r-devel-linux-x86_64-fedora-clang, r-devel-linux-x86_64-fedora-gcc, r-devel-windows-x86_64-new-UL, r-devel-windows-x86_64-new-TK, r-patched-linux-x86_64, r-release-linux-x86_64, r-release-macos-arm64, r-release-macos-x86_64, r-release-windows-ix86+x86_64, r-oldrel-windows-ix86+x86_64

Version: 1.9.0.9
Check: package dependencies
Result: NOTE
    Packages suggested but not available for checking:
     'taxstats', 'taxstats1516'
Flavor: r-oldrel-macos-x86_64