CRAN Package Check Results for Package grattan

Last updated on 2021-09-22 07:51:18 CEST.

Flavor Version Tinstall Tcheck Ttotal Status Flags
r-devel-linux-x86_64-debian-clang 1.9.0.9 105.61 97.17 202.78 NOTE
r-devel-linux-x86_64-debian-gcc 1.9.0.9 62.92 68.33 131.25 NOTE
r-devel-linux-x86_64-fedora-clang 1.9.0.9 282.33 NOTE
r-devel-linux-x86_64-fedora-gcc 1.9.0.9 233.58 NOTE
r-devel-windows-x86_64 1.9.0.9 96.00 88.00 184.00 NOTE
r-devel-windows-x86_64-gcc10-UCRT 1.9.0.9 ERROR
r-patched-linux-x86_64 1.9.0.9 79.49 88.08 167.57 NOTE
r-patched-solaris-x86 1.9.0.9 238.60 NOTE
r-release-linux-x86_64 1.9.0.9 83.96 90.12 174.08 NOTE
r-release-macos-arm64 1.9.0.9 NOTE
r-release-macos-x86_64 1.9.0.9 NOTE
r-release-windows-ix86+x86_64 1.9.0.9 235.00 118.00 353.00 NOTE
r-oldrel-macos-x86_64 1.9.0.9 NOTE
r-oldrel-windows-ix86+x86_64 1.9.0.9 169.00 119.00 288.00 NOTE

Check Details

Version: 1.9.0.9
Check: package dependencies
Result: NOTE
    Packages suggested but not available for checking:
     'taxstats', 'taxstats1516'
Flavors: r-devel-linux-x86_64-debian-clang, r-devel-linux-x86_64-debian-gcc, r-devel-linux-x86_64-fedora-clang, r-devel-linux-x86_64-fedora-gcc, r-devel-windows-x86_64, r-patched-linux-x86_64, r-patched-solaris-x86, r-release-linux-x86_64, r-release-macos-arm64, r-release-macos-x86_64, r-release-windows-ix86+x86_64, r-oldrel-macos-x86_64, r-oldrel-windows-ix86+x86_64

Version: 1.9.0.9
Check: package dependencies
Result: NOTE
    Packages suggested but not available for checking:
     'rsdmx', 'taxstats', 'taxstats1516'
Flavor: r-devel-windows-x86_64-gcc10-UCRT

Version: 1.9.0.9
Check: whether package can be installed
Result: ERROR
    Installation failed.
Flavor: r-devel-windows-x86_64-gcc10-UCRT