Last updated on 2021-03-07 11:51:21 CET.
Flavor | Version | Tinstall | Tcheck | Ttotal | Status | Flags |
---|---|---|---|---|---|---|
r-devel-linux-x86_64-debian-clang | 1.0.1 | 9.56 | 88.67 | 98.23 | OK | |
r-devel-linux-x86_64-debian-gcc | 1.0.1 | 8.36 | 66.26 | 74.62 | OK | |
r-devel-linux-x86_64-fedora-clang | 1.0.1 | 127.73 | NOTE | |||
r-devel-linux-x86_64-fedora-gcc | 1.0.1 | 114.44 | NOTE | |||
r-devel-windows-ix86+x86_64 | 1.0.1 | 19.00 | 112.00 | 131.00 | OK | |
r-devel-windows-x86_64-gcc10-UCRT | 1.0.1 | NOTE | ||||
r-patched-linux-x86_64 | 1.0.1 | 10.75 | 81.74 | 92.49 | OK | |
r-patched-solaris-x86 | 1.0.1 | 167.00 | NOTE | |||
r-release-linux-x86_64 | 1.0.1 | 7.97 | 82.95 | 90.92 | OK | |
r-release-macos-x86_64 | 1.0.1 | NOTE | ||||
r-release-windows-ix86+x86_64 | 1.0.1 | 17.00 | 83.00 | 100.00 | OK | |
r-oldrel-macos-x86_64 | 1.0.1 | WARN | ||||
r-oldrel-windows-ix86+x86_64 | 1.0.1 | 12.00 | 78.00 | 90.00 | WARN |
Version: 1.0.1
Check: dependencies in R code
Result: NOTE
Namespace in Imports field not imported from: ‘utils’
All declared Imports should be used.
Flavors: r-devel-linux-x86_64-fedora-clang, r-devel-linux-x86_64-fedora-gcc, r-devel-windows-x86_64-gcc10-UCRT, r-patched-solaris-x86, r-release-macos-x86_64, r-oldrel-macos-x86_64
Version: 1.0.1
Check: Rd cross-references
Result: WARN
Missing link or links in documentation object 'plot_directed.Rd':
‘[base]{plot}’
See section 'Cross-references' in the 'Writing R Extensions' manual.
Flavors: r-oldrel-macos-x86_64, r-oldrel-windows-ix86+x86_64