CRAN Package Check Results for Package graphscan

Last updated on 2021-06-19 23:49:20 CEST.

Flavor Version Tinstall Tcheck Ttotal Status Flags
r-devel-linux-x86_64-debian-clang 1.1.1 13.26 63.45 76.71 OK
r-devel-linux-x86_64-debian-gcc 1.1.1 8.45 50.11 58.56 OK
r-devel-linux-x86_64-fedora-clang 1.1.1 102.17 NOTE
r-devel-linux-x86_64-fedora-gcc 1.1.1 91.75 NOTE
r-devel-windows-x86_64 1.1.1 22.00 87.00 109.00 OK
r-devel-windows-x86_64-gcc10-UCRT 1.1.1 OK
r-patched-linux-x86_64 1.1.1 12.23 62.25 74.48 OK
r-patched-solaris-x86 1.1.1 129.00 OK
r-release-linux-x86_64 1.1.1 11.15 61.44 72.59 OK
r-release-macos-arm64 1.1.1 OK
r-release-macos-x86_64 1.1.1 OK
r-release-windows-ix86+x86_64 1.1.1 32.00 107.00 139.00 OK
r-oldrel-macos-x86_64 1.1.1 OK
r-oldrel-windows-ix86+x86_64 1.1.1 27.00 110.00 137.00 OK

Check Details

Version: 1.1.1
Check: compiled code
Result: NOTE
    File ‘graphscan/libs/graphscan.so’:
     Found no calls to: ‘R_registerRoutines’, ‘R_useDynamicSymbols’
    
    It is good practice to register native routines and to disable symbol
    search.
    
    See ‘Writing portable packages’ in the ‘Writing R Extensions’ manual.
Flavors: r-devel-linux-x86_64-fedora-clang, r-devel-linux-x86_64-fedora-gcc