CRAN Package Check Results for Package graphlayouts

Last updated on 2021-12-09 07:50:13 CET.

Flavor Version Tinstall Tcheck Ttotal Status Flags
r-devel-linux-x86_64-debian-clang 0.7.2 76.53 48.57 125.10 OK
r-devel-linux-x86_64-debian-gcc 0.7.2 51.23 38.23 89.46 OK
r-devel-linux-x86_64-fedora-clang 0.7.2 184.38 NOTE
r-devel-linux-x86_64-fedora-gcc 0.7.2 151.43 OK
r-devel-windows-x86_64-new-UL 0.7.2 98.00 104.00 202.00 OK
r-devel-windows-x86_64-new-TK 0.7.2 OK
r-devel-windows-x86_64-old 0.7.2 97.00 73.00 170.00 OK
r-patched-linux-x86_64 0.7.2 63.41 46.68 110.09 OK
r-release-linux-x86_64 0.7.2 64.68 46.57 111.25 OK
r-release-macos-arm64 0.7.2 NOTE
r-release-macos-x86_64 0.7.2 NOTE
r-release-windows-ix86+x86_64 0.7.2 137.00 98.00 235.00 OK
r-oldrel-macos-x86_64 0.7.2 NOTE
r-oldrel-windows-ix86+x86_64 0.7.2 182.00 93.00 275.00 OK

Check Details

Version: 0.7.2
Check: installed package size
Result: NOTE
     installed size is 5.6Mb
     sub-directories of 1Mb or more:
     help 2.4Mb
     libs 3.0Mb
Flavors: r-devel-linux-x86_64-fedora-clang, r-release-macos-arm64, r-release-macos-x86_64, r-oldrel-macos-x86_64