CRAN Package Check Results for Package graphhopper

Last updated on 2024-05-21 23:52:38 CEST.

Flavor Version Tinstall Tcheck Ttotal Status Flags
r-devel-linux-x86_64-debian-clang 0.1.2 2.66 27.42 30.08 NOTE
r-devel-linux-x86_64-debian-gcc 0.1.2 1.44 21.44 22.88 NOTE
r-devel-linux-x86_64-fedora-clang 0.1.2 38.55 NOTE
r-devel-linux-x86_64-fedora-gcc 0.1.2 47.76 NOTE
r-devel-windows-x86_64 0.1.2 4.00 49.00 53.00 NOTE
r-patched-linux-x86_64 0.1.2 1.77 27.08 28.85 NOTE
r-release-linux-x86_64 0.1.2 2.35 26.13 28.48 NOTE
r-release-macos-arm64 0.1.2 21.00 NOTE
r-release-windows-x86_64 0.1.2 4.00 51.00 55.00 NOTE
r-oldrel-macos-arm64 0.1.2 24.00 NOTE
r-oldrel-macos-x86_64 0.1.2 33.00 NOTE
r-oldrel-windows-x86_64 0.1.2 4.00 52.00 56.00 NOTE

Check Details

Version: 0.1.2
Check: LazyData
Result: NOTE 'LazyData' is specified without a 'data' directory Flavors: r-devel-linux-x86_64-debian-clang, r-devel-linux-x86_64-debian-gcc, r-devel-linux-x86_64-fedora-clang, r-devel-linux-x86_64-fedora-gcc, r-devel-windows-x86_64, r-patched-linux-x86_64, r-release-linux-x86_64, r-release-macos-arm64, r-release-windows-x86_64, r-oldrel-macos-arm64, r-oldrel-macos-x86_64, r-oldrel-windows-x86_64