CRAN Package Check Results for Package grandR

Last updated on 2023-04-01 08:01:12 CEST.

Flavor Version Tinstall Tcheck Ttotal Status Flags
r-devel-linux-x86_64-debian-clang 0.2.1 20.80 185.91 206.71 OK
r-devel-linux-x86_64-debian-gcc 0.2.1 14.37 136.17 150.54 OK
r-devel-linux-x86_64-fedora-clang 0.2.1 247.54 OK
r-devel-linux-x86_64-fedora-gcc 0.2.1 265.13 OK
r-devel-windows-x86_64 0.2.1 109.00 0.00 109.00 OK
r-patched-linux-x86_64 0.2.1 21.71 178.94 200.65 OK
r-release-linux-x86_64 0.2.1 18.03 171.50 189.53 OK
r-release-macos-arm64 0.2.1 62.00 NOTE
r-release-macos-x86_64 0.2.1 11.00 ERROR
r-release-windows-x86_64 0.2.1 81.00 224.00 305.00 OK
r-oldrel-macos-arm64 0.2.1 65.00 NOTE
r-oldrel-macos-x86_64 0.2.1 86.00 OK
r-oldrel-windows-ix86+x86_64 0.2.1 35.00 406.00 441.00 NOTE

Check Details

Version: 0.2.1
Check: package dependencies
Result: NOTE
    Package suggested but not available for checking: ‘monocle’
Flavors: r-release-macos-arm64, r-oldrel-macos-arm64

Version: 0.2.1
Check: Rd cross-references
Result: NOTE
    Package unavailable to check Rd xrefs: ‘monocle’
Flavors: r-release-macos-arm64, r-oldrel-macos-arm64

Version: 0.2.1
Check: package dependencies
Result: ERROR
    Package required but not available: ‘lfc’
    
    See section ‘The DESCRIPTION file’ in the ‘Writing R Extensions’
    manual.
Flavor: r-release-macos-x86_64

Version: 0.2.1
Check: dependencies in R code
Result: NOTE
    Initiating curl with CURL_SSL_BACKEND: openssl
Flavor: r-oldrel-windows-ix86+x86_64