CRAN Package Check Results for Package grainchanger

Last updated on 2021-09-22 07:51:18 CEST.

Flavor Version Tinstall Tcheck Ttotal Status Flags
r-devel-linux-x86_64-debian-clang 0.3.2 7.15 206.49 213.64 OK
r-devel-linux-x86_64-debian-gcc 0.3.2 7.77 156.85 164.62 OK
r-devel-linux-x86_64-fedora-clang 0.3.2 266.16 OK
r-devel-linux-x86_64-fedora-gcc 0.3.2 256.13 OK
r-devel-windows-x86_64 0.3.2 11.00 156.00 167.00 OK
r-devel-windows-x86_64-gcc10-UCRT 0.3.2 ERROR
r-patched-linux-x86_64 0.3.2 9.03 201.93 210.96 OK
r-patched-solaris-x86 0.3.2 239.10 OK
r-release-linux-x86_64 0.3.2 8.20 201.57 209.77 OK
r-release-macos-arm64 0.3.2 OK
r-release-macos-x86_64 0.3.2 OK
r-release-windows-ix86+x86_64 0.3.2 19.00 156.00 175.00 OK
r-oldrel-macos-x86_64 0.3.2 OK
r-oldrel-windows-ix86+x86_64 0.3.2 14.00 159.00 173.00 OK

Check Details

Version: 0.3.2
Check: package dependencies
Result: ERROR
    Package required but not available: 'sf'
    
    Package suggested but not available for checking: 'rgdal'
    
    See section 'The DESCRIPTION file' in the 'Writing R Extensions'
    manual.
Flavor: r-devel-windows-x86_64-gcc10-UCRT