CRAN Package Check Results for Package gradientPickerD3

Last updated on 2021-06-19 23:49:20 CEST.

Flavor Version Tinstall Tcheck Ttotal Status Flags
r-devel-linux-x86_64-debian-clang 0.1.0.0 2.54 32.62 35.16 NOTE
r-devel-linux-x86_64-debian-gcc 0.1.0.0 2.55 25.83 28.38 NOTE
r-devel-linux-x86_64-fedora-clang 0.1.0.0 51.61 NOTE
r-devel-linux-x86_64-fedora-gcc 0.1.0.0 41.76 NOTE
r-devel-windows-x86_64 0.1.0.0 6.00 53.00 59.00 NOTE
r-devel-windows-x86_64-gcc10-UCRT 0.1.0.0 NOTE
r-patched-linux-x86_64 0.1.0.0 7.07 31.64 38.71 NOTE
r-patched-solaris-x86 0.1.0.0 64.70 NOTE
r-release-linux-x86_64 0.1.0.0 3.35 31.91 35.26 NOTE
r-release-macos-arm64 0.1.0.0 NOTE
r-release-macos-x86_64 0.1.0.0 NOTE
r-release-windows-ix86+x86_64 0.1.0.0 10.00 52.00 62.00 NOTE
r-oldrel-macos-x86_64 0.1.0.0 OK
r-oldrel-windows-ix86+x86_64 0.1.0.0 8.00 54.00 62.00 OK

Check Details

Version: 0.1.0.0
Check: LazyData
Result: NOTE
     'LazyData' is specified without a 'data' directory
Flavors: r-devel-linux-x86_64-debian-clang, r-devel-linux-x86_64-debian-gcc, r-devel-linux-x86_64-fedora-clang, r-devel-linux-x86_64-fedora-gcc, r-devel-windows-x86_64, r-devel-windows-x86_64-gcc10-UCRT, r-patched-linux-x86_64, r-patched-solaris-x86, r-release-linux-x86_64, r-release-macos-arm64, r-release-macos-x86_64, r-release-windows-ix86+x86_64