CRAN Package Check Results for Package gradeR

Last updated on 2021-06-17 07:49:06 CEST.

Flavor Version Tinstall Tcheck Ttotal Status Flags
r-devel-linux-x86_64-debian-clang 1.0.9 1.68 30.46 32.14 NOTE
r-devel-linux-x86_64-debian-gcc 1.0.9 1.87 24.21 26.08 NOTE
r-devel-linux-x86_64-fedora-clang 1.0.9 49.12 NOTE
r-devel-linux-x86_64-fedora-gcc 1.0.9 38.50 NOTE
r-devel-windows-x86_64 1.0.9 5.00 49.00 54.00 NOTE
r-devel-windows-x86_64-gcc10-UCRT 1.0.9 NOTE
r-patched-linux-x86_64 1.0.9 1.94 29.68 31.62 NOTE
r-patched-solaris-x86 1.0.9 62.50 NOTE
r-release-linux-x86_64 1.0.9 2.15 30.03 32.18 NOTE
r-release-macos-arm64 1.0.9 NOTE
r-release-macos-x86_64 1.0.9 NOTE
r-release-windows-ix86+x86_64 1.0.9 5.00 48.00 53.00 NOTE
r-oldrel-macos-x86_64 1.0.9 OK
r-oldrel-windows-ix86+x86_64 1.0.9 4.00 49.00 53.00 OK

Check Details

Version: 1.0.9
Check: LazyData
Result: NOTE
     'LazyData' is specified without a 'data' directory
Flavors: r-devel-linux-x86_64-debian-clang, r-devel-linux-x86_64-debian-gcc, r-devel-linux-x86_64-fedora-clang, r-devel-linux-x86_64-fedora-gcc, r-devel-windows-x86_64, r-devel-windows-x86_64-gcc10-UCRT, r-patched-linux-x86_64, r-patched-solaris-x86, r-release-linux-x86_64, r-release-macos-arm64, r-release-macos-x86_64, r-release-windows-ix86+x86_64