CRAN Package Check Results for Package gqlr

Last updated on 2021-06-13 11:49:07 CEST.

Flavor Version Tinstall Tcheck Ttotal Status Flags
r-devel-linux-x86_64-debian-clang 0.0.2 14.60 208.76 223.36 NOTE
r-devel-linux-x86_64-debian-gcc 0.0.2 10.68 173.93 184.61 NOTE
r-devel-linux-x86_64-fedora-clang 0.0.2 259.46 NOTE
r-devel-linux-x86_64-fedora-gcc 0.0.2 246.34 NOTE
r-devel-windows-x86_64 0.0.2 22.00 243.00 265.00 NOTE
r-devel-windows-x86_64-gcc10-UCRT 0.0.2 NOTE
r-patched-linux-x86_64 0.0.2 13.09 198.37 211.46 NOTE
r-patched-solaris-x86 0.0.2 291.90 NOTE
r-release-linux-x86_64 0.0.2 15.78 202.02 217.80 NOTE
r-release-macos-arm64 0.0.2 NOTE
r-release-macos-x86_64 0.0.2 NOTE
r-release-windows-ix86+x86_64 0.0.2 27.00 232.00 259.00 NOTE
r-oldrel-macos-x86_64 0.0.2 OK
r-oldrel-windows-ix86+x86_64 0.0.2 23.00 249.00 272.00 OK

Check Details

Version: 0.0.2
Check: LazyData
Result: NOTE
     'LazyData' is specified without a 'data' directory
Flavors: r-devel-linux-x86_64-debian-clang, r-devel-linux-x86_64-debian-gcc, r-devel-linux-x86_64-fedora-clang, r-devel-linux-x86_64-fedora-gcc, r-devel-windows-x86_64, r-devel-windows-x86_64-gcc10-UCRT, r-patched-linux-x86_64, r-patched-solaris-x86, r-release-linux-x86_64, r-release-macos-arm64, r-release-macos-x86_64, r-release-windows-ix86+x86_64