CRAN Package Check Results for Package gplite

Last updated on 2021-06-20 19:50:28 CEST.

Flavor Version Tinstall Tcheck Ttotal Status Flags
r-devel-linux-x86_64-debian-clang 0.12.0 32.44 210.80 243.24 OK
r-devel-linux-x86_64-debian-gcc 0.12.0 23.04 157.72 180.76 OK
r-devel-linux-x86_64-fedora-clang 0.12.0 305.86 OK
r-devel-linux-x86_64-fedora-gcc 0.12.0 295.13 OK
r-devel-windows-x86_64 0.12.0 44.00 270.00 314.00 OK
r-devel-windows-x86_64-gcc10-UCRT 0.12.0 OK
r-patched-linux-x86_64 0.12.0 29.42 205.58 235.00 OK
r-patched-solaris-x86 0.12.0 520.70 OK
r-release-linux-x86_64 0.12.0 29.48 205.72 235.20 OK
r-release-macos-arm64 0.12.0 OK
r-release-macos-x86_64 0.12.0 OK
r-release-windows-ix86+x86_64 0.12.0 78.00 347.00 425.00 NOTE
r-oldrel-macos-x86_64 0.12.0 OK

Check Details

Version: 0.12.0
Check: installed package size
Result: NOTE
     installed size is 5.5Mb
     sub-directories of 1Mb or more:
     doc 3.1Mb
     libs 2.0Mb
Flavor: r-release-windows-ix86+x86_64