CRAN Package Check Results for Package gotop

Last updated on 2021-06-20 19:50:27 CEST.

Flavor Version Tinstall Tcheck Ttotal Status Flags
r-devel-linux-x86_64-debian-clang 0.1.2 2.06 23.73 25.79 NOTE
r-devel-linux-x86_64-debian-gcc 0.1.2 1.88 19.20 21.08 NOTE
r-devel-linux-x86_64-fedora-clang 0.1.2 41.32 NOTE
r-devel-linux-x86_64-fedora-gcc 0.1.2 30.18 NOTE
r-devel-windows-x86_64 0.1.2 5.00 40.00 45.00 NOTE
r-devel-windows-x86_64-gcc10-UCRT 0.1.2 NOTE
r-patched-linux-x86_64 0.1.2 2.30 23.42 25.72 NOTE
r-patched-solaris-x86 0.1.2 48.60 NOTE
r-release-linux-x86_64 0.1.2 2.26 23.56 25.82 NOTE
r-release-macos-arm64 0.1.2 NOTE
r-release-macos-x86_64 0.1.2 NOTE
r-release-windows-ix86+x86_64 0.1.2 5.00 42.00 47.00 NOTE
r-oldrel-macos-x86_64 0.1.2 OK
r-oldrel-windows-ix86+x86_64 0.1.2 4.00 0.00 4.00 OK

Check Details

Version: 0.1.2
Check: LazyData
Result: NOTE
     'LazyData' is specified without a 'data' directory
Flavors: r-devel-linux-x86_64-debian-clang, r-devel-linux-x86_64-debian-gcc, r-devel-linux-x86_64-fedora-clang, r-devel-linux-x86_64-fedora-gcc, r-devel-windows-x86_64, r-devel-windows-x86_64-gcc10-UCRT, r-patched-linux-x86_64, r-patched-solaris-x86, r-release-linux-x86_64, r-release-macos-arm64, r-release-macos-x86_64, r-release-windows-ix86+x86_64