Last updated on 2023-03-23 19:50:16 CET.
Flavor | Version | Tinstall | Tcheck | Ttotal | Status | Flags |
---|---|---|---|---|---|---|
r-devel-linux-x86_64-debian-clang | 0.1.2 | 42.26 | 363.73 | 405.99 | OK | |
r-devel-linux-x86_64-debian-gcc | 0.1.2 | 34.97 | 270.67 | 305.64 | OK | |
r-devel-linux-x86_64-fedora-clang | 0.1.2 | 496.66 | OK | |||
r-devel-linux-x86_64-fedora-gcc | 0.1.2 | 475.93 | OK | |||
r-patched-linux-x86_64 | 0.1.2 | 38.43 | 336.03 | 374.46 | OK | |
r-release-linux-x86_64 | 0.1.2 | 29.57 | 331.92 | 361.49 | OK | |
r-release-macos-arm64 | 0.1.2 | 100.00 | OK | |||
r-release-macos-x86_64 | 0.1.2 | 148.00 | OK | |||
r-release-windows-x86_64 | 0.1.2 | 53.00 | 303.00 | 356.00 | OK | |
r-oldrel-macos-arm64 | 0.1.2 | 83.00 | OK | |||
r-oldrel-macos-x86_64 | 0.1.2 | 143.00 | OK | |||
r-oldrel-windows-ix86+x86_64 | 0.1.2 | 85.00 | 337.00 | 422.00 | NOTE |
Version: 0.1.2
Check: R code for possible problems
Result: NOTE
Initiating curl with CURL_SSL_BACKEND: openssl
Flavor: r-oldrel-windows-ix86+x86_64