Last updated on 2023-03-20 11:53:48 CET.
Flavor | Version | Tinstall | Tcheck | Ttotal | Status | Flags |
---|---|---|---|---|---|---|
r-devel-linux-x86_64-debian-clang | 0.2.0 | NOTE | ||||
r-devel-linux-x86_64-debian-gcc | 0.2.0 | 4.98 | 33.74 | 38.72 | NOTE | |
r-devel-linux-x86_64-fedora-clang | 0.2.0 | 64.25 | NOTE | |||
r-devel-linux-x86_64-fedora-gcc | 0.2.0 | 58.03 | NOTE | |||
r-patched-linux-x86_64 | 0.2.0 | 4.45 | 43.09 | 47.54 | NOTE | |
r-release-linux-x86_64 | 0.2.0 | 6.34 | 42.86 | 49.20 | NOTE | |
r-release-macos-arm64 | 0.2.0 | 21.00 | NOTE | |||
r-release-macos-x86_64 | 0.2.0 | 47.00 | NOTE | |||
r-release-windows-x86_64 | 0.2.0 | 21.00 | 75.00 | 96.00 | NOTE | |
r-oldrel-macos-arm64 | 0.2.0 | 25.00 | NOTE | |||
r-oldrel-macos-x86_64 | 0.2.0 | 36.00 | NOTE | |||
r-oldrel-windows-ix86+x86_64 | 0.2.0 | 13.00 | 69.00 | 82.00 | NOTE |
Version: 0.2.0
Check: LazyData
Result: NOTE
'LazyData' is specified without a 'data' directory
Flavors: r-devel-linux-x86_64-debian-clang, r-devel-linux-x86_64-debian-gcc, r-devel-linux-x86_64-fedora-clang, r-devel-linux-x86_64-fedora-gcc, r-patched-linux-x86_64, r-release-linux-x86_64, r-release-macos-arm64, r-release-macos-x86_64, r-release-windows-x86_64, r-oldrel-macos-arm64, r-oldrel-macos-x86_64, r-oldrel-windows-ix86+x86_64