CRAN Package Check Results for Package googleComputeEngineR

Last updated on 2022-05-20 11:51:03 CEST.

Flavor Version Tinstall Tcheck Ttotal Status Flags
r-devel-linux-x86_64-debian-clang 0.3.0 5.78 77.07 82.85 NOTE
r-devel-linux-x86_64-debian-gcc 0.3.0 5.92 58.72 64.64 NOTE
r-devel-linux-x86_64-fedora-clang 0.3.0 100.44 NOTE
r-devel-linux-x86_64-fedora-gcc 0.3.0 96.00 NOTE
r-devel-windows-x86_64 0.3.0 718.00 146.00 864.00 NOTE
r-patched-linux-x86_64 0.3.0 12.47 74.00 86.47 NOTE
r-release-linux-x86_64 0.3.0 7.20 73.79 80.99 NOTE
r-release-macos-arm64 0.3.0 37.00 NOTE
r-release-macos-x86_64 0.3.0 54.00 NOTE
r-release-windows-x86_64 0.3.0 272.00 136.00 408.00 NOTE
r-oldrel-macos-arm64 0.3.0 70.00 NOTE
r-oldrel-macos-x86_64 0.3.0 72.00 NOTE
r-oldrel-windows-ix86+x86_64 0.3.0 17.00 101.00 118.00 NOTE

Check Details

Version: 0.3.0
Check: LazyData
Result: NOTE
     'LazyData' is specified without a 'data' directory
Flavors: r-devel-linux-x86_64-debian-clang, r-devel-linux-x86_64-debian-gcc, r-devel-linux-x86_64-fedora-clang, r-devel-linux-x86_64-fedora-gcc, r-devel-windows-x86_64, r-patched-linux-x86_64, r-release-linux-x86_64, r-release-macos-arm64, r-release-macos-x86_64, r-release-windows-x86_64, r-oldrel-macos-arm64, r-oldrel-macos-x86_64, r-oldrel-windows-ix86+x86_64