CRAN Package Check Results for Package gnn

Last updated on 2021-05-07 11:49:29 CEST.

Flavor Version Tinstall Tcheck Ttotal Status Flags
r-devel-linux-x86_64-debian-clang 0.0-2 9.18 104.67 113.85 OK
r-devel-linux-x86_64-debian-gcc 0.0-2 7.75 80.76 88.51 OK
r-devel-linux-x86_64-fedora-clang 0.0-2 149.22 OK
r-devel-linux-x86_64-fedora-gcc 0.0-2 137.31 OK
r-devel-windows-ix86+x86_64 0.0-2 30.00 132.00 162.00 OK
r-devel-windows-x86_64-gcc10-UCRT 0.0-2 OK
r-patched-linux-x86_64 0.0-2 12.43 101.58 114.01 OK
r-patched-solaris-x86 0.0-2 211.60 OK
r-release-linux-x86_64 0.0-2 8.84 98.18 107.02 OK
r-release-macos-x86_64 0.0-2 OK
r-release-windows-ix86+x86_64 0.0-2 16.00 100.00 116.00 OK
r-oldrel-macos-x86_64 0.0-2 OK
r-oldrel-windows-ix86+x86_64 0.0-2 19.00 14.00 33.00 ERROR

Additional issues

donttest

Check Details

Version: 0.0-2
Check: whether package can be installed
Result: ERROR
    Installation failed.
    See 'd:/Rcompile/CRANpkg/local/3.6/gnn.Rcheck/00install.out'* DONE
Flavor: r-oldrel-windows-ix86+x86_64