CRAN Package Check Results for Package gmnl

Last updated on 2021-02-25 19:46:35 CET.

Flavor Version Tinstall Tcheck Ttotal Status Flags
r-devel-linux-x86_64-debian-clang 1.1-3.2 13.00 103.77 116.77 OK
r-devel-linux-x86_64-debian-gcc 1.1-3.2 10.07 75.92 85.99 OK
r-devel-linux-x86_64-fedora-clang 1.1-3.2 144.30 NOTE
r-devel-linux-x86_64-fedora-gcc 1.1-3.2 133.37 OK
r-devel-windows-ix86+x86_64 1.1-3.2 24.00 89.00 113.00 OK
r-patched-linux-x86_64 1.1-3.2 11.47 91.92 103.39 OK
r-patched-solaris-x86 1.1-3.2 185.40 OK
r-release-linux-x86_64 1.1-3.2 11.87 94.65 106.52 OK
r-release-macos-x86_64 1.1-3.2 OK
r-release-windows-ix86+x86_64 1.1-3.2 32.00 5.00 37.00 ERROR
r-oldrel-macos-x86_64 1.1-3.2 OK
r-oldrel-windows-ix86+x86_64 1.1-3.2 18.00 116.00 134.00 OK

Check Details

Version: 1.1-3.2
Check: Rd cross-references
Result: NOTE
    Undeclared package ‘sandwich’ in Rd xrefs
Flavor: r-devel-linux-x86_64-fedora-clang

Version: 1.1-3.2
Check: whether package can be installed
Result: ERROR
    Installation failed.
Flavor: r-release-windows-ix86+x86_64