CRAN Package Check Results for Package gmm

Last updated on 2021-01-20 23:49:40 CET.

Flavor Version Tinstall Tcheck Ttotal Status Flags
r-devel-linux-x86_64-debian-clang 1.6-5 10.20 100.78 110.98 OK
r-devel-linux-x86_64-debian-gcc 1.6-5 7.75 74.94 82.69 OK
r-devel-linux-x86_64-fedora-clang 1.6-5 139.96 OK
r-devel-linux-x86_64-fedora-gcc 1.6-5 130.40 OK
r-devel-windows-ix86+x86_64 1.6-5 16.00 130.00 146.00 OK
r-patched-linux-x86_64 1.6-5 9.79 94.14 103.93 OK
r-patched-solaris-x86 1.6-5 176.70 OK
r-release-linux-x86_64 1.6-5 10.59 94.86 105.45 WARN
r-release-macos-x86_64 1.6-5 OK
r-release-windows-ix86+x86_64 1.6-5 14.00 155.00 169.00 OK
r-oldrel-macos-x86_64 1.6-5 OK
r-oldrel-windows-ix86+x86_64 1.6-5 13.00 110.00 123.00 OK

Check Details

Version: 1.6-5
Check: re-building of vignette outputs
Result: WARN
    Error(s) in re-building vignettes:
     ...
    --- re-building ‘gmm_with_R.rnw’ using Sweave
    Loading required package: sandwich
    Warning in nlminb(P$t0, .obj1, x = x, w = w, ...) :
     NA/NaN function evaluation
    Warning in nlminb(P$t0, .obj1, x = x, w = w, ...) :
     NA/NaN function evaluation
    Loading required package: carData
    Warning: The provided gradv is not used when smooth=TRUE
    Error: processing vignette 'gmm_with_R.rnw' failed with diagnostics:
    Running ‘texi2dvi’ on ‘gmm_with_R.tex’ failed.
    LaTeX errors:
    ! Undefined control sequence.
    <recently read> \Hy@colorlink
    
    l.49 \begin{document}
    
    ! Undefined control sequence.
    \close@pdflink ->\Hy@endcolorlink
     \Hy@VerboseLinkStop \pdfendlink
    l.49 \begin{document}
    
    ! Undefined control sequence.
    <recently read> \Hy@colorlink
    
    l.49 \begin{document}
    
    ! Undefined control sequence.
    \close@pdflink ->\Hy@endcolorlink
     \Hy@VerboseLinkStop \pdfendlink
    l.49 \begin{document}
    
    --- failed re-building ‘gmm_with_R.rnw’
    
    SUMMARY: processing the following file failed:
     ‘gmm_with_R.rnw’
    
    Error: Vignette re-building failed.
    Execution halted
Flavor: r-release-linux-x86_64