CRAN Package Check Results for Package gmat

Last updated on 2021-06-18 19:50:49 CEST.

Flavor Version Tinstall Tcheck Ttotal Status Flags
r-devel-linux-x86_64-debian-clang 0.2.2 3.56 35.91 39.47 OK
r-devel-linux-x86_64-debian-gcc 0.2.2 2.31 28.33 30.64 OK
r-devel-linux-x86_64-fedora-clang 0.2.2 55.80 OK
r-devel-linux-x86_64-fedora-gcc 0.2.2 43.67 OK
r-devel-windows-x86_64 0.2.2 7.00 39.00 46.00 OK
r-devel-windows-x86_64-gcc10-UCRT 0.2.2 ERROR
r-patched-linux-x86_64 0.2.2 2.92 34.52 37.44 OK
r-patched-solaris-x86 0.2.2 73.10 OK
r-release-linux-x86_64 0.2.2 2.93 34.26 37.19 OK
r-release-macos-arm64 0.2.2 ERROR
r-release-macos-x86_64 0.2.2 OK
r-release-windows-ix86+x86_64 0.2.2 10.00 71.00 81.00 OK
r-oldrel-macos-x86_64 0.2.2 OK
r-oldrel-windows-ix86+x86_64 0.2.2 8.00 72.00 80.00 OK

Check Details

Version: 0.2.2
Check: package dependencies
Result: ERROR
    Package required but not available: 'gRbase'
    
    See section 'The DESCRIPTION file' in the 'Writing R Extensions'
    manual.
Flavors: r-devel-windows-x86_64-gcc10-UCRT, r-release-macos-arm64