CRAN Package Check Results for Package gmailr

Last updated on 2021-06-21 11:52:06 CEST.

Flavor Version Tinstall Tcheck Ttotal Status Flags
r-devel-linux-x86_64-debian-clang 1.0.0 4.14 41.40 45.54 OK
r-devel-linux-x86_64-debian-gcc 1.0.0 3.76 32.63 36.39 OK
r-devel-linux-x86_64-fedora-clang 1.0.0 64.95 OK
r-devel-linux-x86_64-fedora-gcc 1.0.0 55.15 OK
r-devel-windows-x86_64 1.0.0 8.00 45.00 53.00 OK
r-devel-windows-x86_64-gcc10-UCRT 1.0.0 ERROR
r-patched-linux-x86_64 1.0.0 4.92 40.81 45.73 OK
r-patched-solaris-x86 1.0.0 77.30 OK
r-release-linux-x86_64 1.0.0 5.14 41.12 46.26 OK
r-release-macos-arm64 1.0.0 OK
r-release-macos-x86_64 1.0.0 OK
r-release-windows-ix86+x86_64 1.0.0 9.00 59.00 68.00 OK
r-oldrel-macos-x86_64 1.0.0 OK

Check Details

Version: 1.0.0
Check: package dependencies
Result: ERROR
    Packages required but not available: 'gargle', 'httr'
    
    Package suggested but not available for checking: 'covr'
    
    See section 'The DESCRIPTION file' in the 'Writing R Extensions'
    manual.
Flavor: r-devel-windows-x86_64-gcc10-UCRT