CRAN Package Check Results for Package glue

Last updated on 2022-01-26 19:50:34 CET.

Flavor Version Tinstall Tcheck Ttotal Status Flags
r-devel-linux-x86_64-debian-clang 1.6.1 2.64 48.37 51.01 OK
r-devel-linux-x86_64-debian-gcc 1.6.1 2.01 36.96 38.97 OK
r-devel-linux-x86_64-fedora-clang 1.6.1 66.20 OK
r-devel-linux-x86_64-fedora-gcc 1.6.1 51.66 OK
r-devel-windows-x86_64-new-UL 1.6.1 40.00 77.00 117.00 OK
r-devel-windows-x86_64-new-TK 1.6.1 OK
r-patched-linux-x86_64 1.6.1 2.40 46.45 48.85 OK
r-release-linux-x86_64 1.6.0 2.29 46.80 49.09 OK
r-release-macos-arm64 1.6.0 OK
r-release-macos-x86_64 1.6.1 OK
r-release-windows-ix86+x86_64 1.6.1 1.00 9.00 10.00 ERROR
r-oldrel-macos-x86_64 1.6.1 OK
r-oldrel-windows-ix86+x86_64 1.6.1 1.00 9.00 10.00 ERROR

Check Details

Version: 1.6.1
Check: whether package can be installed
Result: ERROR
    Installation failed.
Flavors: r-release-windows-ix86+x86_64, r-oldrel-windows-ix86+x86_64