CRAN Package Check Results for Package glue

Last updated on 2021-05-17 19:47:01 CEST.

Flavor Version Tinstall Tcheck Ttotal Status Flags
r-devel-linux-x86_64-debian-clang 1.4.2 3.09 35.76 38.85 NOTE
r-devel-linux-x86_64-debian-gcc 1.4.2 2.02 27.67 29.69 NOTE
r-devel-linux-x86_64-fedora-clang 1.4.2 56.42 NOTE
r-devel-linux-x86_64-fedora-gcc 1.4.2 47.07 NOTE
r-devel-windows-ix86+x86_64 1.4.2 12.00 64.00 76.00 NOTE
r-devel-windows-x86_64-gcc10-UCRT 1.4.2 NOTE
r-patched-linux-x86_64 1.4.2 2.89 34.90 37.79 NOTE
r-patched-solaris-x86 1.4.2 69.70 NOTE
r-release-linux-x86_64 1.4.2 2.44 34.56 37.00 OK
r-release-macos-x86_64 1.4.2 OK
r-release-windows-ix86+x86_64 1.4.2 11.00 50.00 61.00 OK
r-oldrel-macos-x86_64 1.4.2 OK
r-oldrel-windows-ix86+x86_64 1.4.2 10.00 67.00 77.00 OK

Check Details

Version: 1.4.2
Check: LazyData
Result: NOTE
     'LazyData' is specified without a 'data' directory
Flavors: r-devel-linux-x86_64-debian-clang, r-devel-linux-x86_64-debian-gcc, r-devel-linux-x86_64-fedora-clang, r-devel-linux-x86_64-fedora-gcc, r-devel-windows-ix86+x86_64, r-devel-windows-x86_64-gcc10-UCRT, r-patched-linux-x86_64, r-patched-solaris-x86