CRAN Package Check Results for Package glober

Last updated on 2024-04-23 05:06:10 CEST.

Flavor Version Tinstall Tcheck Ttotal Status Flags
r-devel-linux-x86_64-debian-clang 1.0 14.12 129.04 143.16 OK
r-devel-linux-x86_64-debian-gcc 1.0 10.19 95.52 105.71 OK
r-devel-linux-x86_64-fedora-clang 1.0 180.07 OK
r-devel-linux-x86_64-fedora-gcc 1.0 196.17 OK
r-prerel-macos-arm64 1.0 60.00 OK
r-prerel-windows-x86_64 1.0 12.00 123.00 135.00 OK
r-patched-linux-x86_64 1.0 8.83 121.28 130.11 OK
r-release-linux-x86_64 1.0 13.04 123.74 136.78 OK
r-release-macos-arm64 1.0 57.00 OK
r-release-macos-x86_64 1.0 128.00 OK
r-release-windows-x86_64 1.0 15.00 125.00 140.00 OK
r-oldrel-macos-arm64 1.0 70.00 ERROR
r-oldrel-windows-x86_64 1.0 16.00 135.00 151.00 OK

Check Details

Version: 1.0
Check: PDF version of manual
Result: WARN LaTeX errors when creating PDF version. This typically indicates Rd problems. LaTeX errors found: ! Undefined control sequence. <recently read> \mathbb l.97 ...ong to a compact set of \eqn{\mathbb{R}}{} . ! Undefined control sequence. <recently read> \mathbb l.161 ... to a compact set of \eqn{\mathbb{R}^2}{} . Flavor: r-oldrel-macos-arm64

Version: 1.0
Check: PDF version of manual without index
Result: ERROR
Flavor: r-oldrel-macos-arm64