Last updated on 2023-03-30 03:52:34 CEST.
Flavor | Version | Tinstall | Tcheck | Ttotal | Status | Flags |
---|---|---|---|---|---|---|
r-devel-linux-x86_64-debian-clang | 0.0.14 | 10.88 | 210.91 | 221.79 | OK | |
r-devel-linux-x86_64-debian-gcc | 0.0.14 | 10.24 | 158.27 | 168.51 | OK | |
r-devel-linux-x86_64-fedora-clang | 0.0.14 | 265.35 | OK | |||
r-devel-linux-x86_64-fedora-gcc | 0.0.14 | 306.75 | OK | |||
r-devel-windows-x86_64 | 0.0.14 | 73.00 | 0.00 | 73.00 | OK | |
r-patched-linux-x86_64 | 0.0.14 | 12.69 | 197.65 | 210.34 | OK | |
r-release-linux-x86_64 | 0.0.14 | 11.43 | 206.31 | 217.74 | OK | |
r-release-macos-arm64 | 0.0.14 | 52.00 | OK | |||
r-release-macos-x86_64 | 0.0.14 | 104.00 | OK | |||
r-release-windows-x86_64 | 0.0.14 | 51.00 | 245.00 | 296.00 | OK | |
r-oldrel-macos-arm64 | 0.0.14 | 80.00 | OK | |||
r-oldrel-macos-x86_64 | 0.0.14 | 106.00 | OK | |||
r-oldrel-windows-ix86+x86_64 | 0.0.14 | 28.00 | 258.00 | 286.00 | NOTE |
Version: 0.0.14
Check: dependencies in R code
Result: NOTE
Initiating curl with CURL_SSL_BACKEND: openssl
Flavor: r-oldrel-windows-ix86+x86_64