CRAN Package Check Results for Package glmnetr

Last updated on 2024-05-28 05:03:05 CEST.

Flavor Version Tinstall Tcheck Ttotal Status Flags
r-devel-linux-x86_64-debian-clang 0.5-1 37.43 237.96 275.39 OK
r-devel-linux-x86_64-debian-gcc 0.5-1 25.13 174.52 199.65 OK
r-devel-linux-x86_64-fedora-clang 0.5-1 362.96 NOTE
r-devel-linux-x86_64-fedora-gcc 0.5-1 354.49 NOTE
r-devel-windows-x86_64 0.5-1 31.00 172.00 203.00 OK
r-patched-linux-x86_64 0.5-1 25.28 228.43 253.71 OK
r-release-linux-x86_64 0.5-1 23.69 229.68 253.37 OK
r-release-macos-arm64 0.5-1 91.00 OK
r-release-macos-x86_64 0.5-1 269.00 OK
r-release-windows-x86_64 0.5-1 30.00 174.00 204.00 OK
r-oldrel-macos-arm64 0.5-1 96.00 OK
r-oldrel-macos-x86_64 0.5-1 162.00 OK
r-oldrel-windows-x86_64 0.5-1 40.00 220.00 260.00 OK

Check Details

Version: 0.5-1
Check: dependencies in R code
Result: NOTE Namespaces in Imports field not imported from: ‘DiceKriging’ ‘rgenoud’ All declared Imports should be used. Flavors: r-devel-linux-x86_64-fedora-clang, r-devel-linux-x86_64-fedora-gcc