CRAN Package Check Results for Package gllvm

Last updated on 2021-03-01 03:53:16 CET.

Flavor Version Tinstall Tcheck Ttotal Status Flags
r-devel-linux-x86_64-debian-clang 1.2.3 OK
r-devel-linux-x86_64-debian-gcc 1.2.3 138.13 255.88 394.01 OK
r-devel-linux-x86_64-fedora-clang 1.2.3 624.89 NOTE
r-devel-linux-x86_64-fedora-gcc 1.2.3 665.64 OK
r-devel-windows-ix86+x86_64 1.2.3 233.00 411.00 644.00 NOTE
r-patched-linux-x86_64 1.2.3 159.56 337.56 497.12 OK
r-patched-solaris-x86 1.2.3 837.50 OK
r-release-linux-x86_64 1.2.3 150.84 334.43 485.27 OK
r-release-macos-x86_64 1.2.3 NOTE
r-release-windows-ix86+x86_64 1.2.3 298.00 547.00 845.00 NOTE
r-oldrel-macos-x86_64 1.2.3 NOTE
r-oldrel-windows-ix86+x86_64 1.2.3 225.00 500.00 725.00 NOTE

Check Details

Version: 1.2.3
Check: installed package size
Result: NOTE
     installed size is 50.1Mb
     sub-directories of 1Mb or more:
     libs 48.9Mb
Flavors: r-devel-linux-x86_64-fedora-clang, r-devel-windows-ix86+x86_64, r-release-macos-x86_64, r-release-windows-ix86+x86_64, r-oldrel-macos-x86_64, r-oldrel-windows-ix86+x86_64