CRAN Package Check Results for Package glacierSMBM

Last updated on 2021-06-12 23:49:08 CEST.

Flavor Version Tinstall Tcheck Ttotal Status Flags
r-devel-linux-x86_64-debian-clang 0.1 18.92 114.64 133.56 OK
r-devel-linux-x86_64-debian-gcc 0.1 13.51 87.77 101.28 OK
r-devel-linux-x86_64-fedora-clang 0.1 166.06 OK
r-devel-linux-x86_64-fedora-gcc 0.1 156.31 OK
r-devel-windows-x86_64 0.1 25.00 143.00 168.00 OK
r-devel-windows-x86_64-gcc10-UCRT 0.1 OK
r-patched-linux-x86_64 0.1 21.21 110.61 131.82 OK
r-patched-solaris-x86 0.1 219.90 OK
r-release-linux-x86_64 0.1 15.04 112.27 127.31 OK
r-release-macos-arm64 0.1 ERROR
r-release-macos-x86_64 0.1 ERROR
r-release-windows-ix86+x86_64 0.1 27.00 143.00 170.00 OK
r-oldrel-macos-x86_64 0.1 OK
r-oldrel-windows-ix86+x86_64 0.1 23.00 147.00 170.00 OK

Check Details

Version: 0.1
Check: package dependencies
Result: ERROR
    Package required but not available: ‘udunits2’
    
    See section ‘The DESCRIPTION file’ in the ‘Writing R Extensions’
    manual.
Flavors: r-release-macos-arm64, r-release-macos-x86_64